{"id":110,"date":"2025-08-04T07:00:39","date_gmt":"2025-08-04T10:00:39","guid":{"rendered":"http:\/\/170.210.81.163\/pei\/?page_id=110"},"modified":"2025-11-07T13:01:14","modified_gmt":"2025-11-07T16:01:14","slug":"metodologia","status":"publish","type":"page","link":"https:\/\/pei.uncoma.edu.ar\/index.php\/metodologia\/","title":{"rendered":"Metodolog\u00eda"},"content":{"rendered":"<p>Una parte fundamental de la metodolog\u00eda de trabajo del Plan Estrat\u00e9gico Institucional (PEI) es la articulaci\u00f3n y el consenso para definir la situaci\u00f3n objetivo y para plantear las l\u00edneas y las acciones a realizar para llegar a esa situaci\u00f3n objetivo. En la Autoevaluaci\u00f3n Institucional o el Plan de Desarrollo, por el contrario, el peso fundamental estaba en la recolecci\u00f3n de informaci\u00f3n cualitativa y cuantitativa as\u00ed como en su an\u00e1lisis.<\/p>\n<p>Con el objetivo de lograr un PEI con alto grado de participaci\u00f3n de la comunidad universitaria, con una perspectiva integral, contextual e hist\u00f3rica de la UNCo, y cubriendo todas sus dimensiones, nos hemos propuesto andar el siguiente camino.<\/p>\n<ul>\n<li><strong><em>Etapa 1. Misi\u00f3n y visi\u00f3n institucional. <\/em><\/strong>La SPDI produjo un texto con la misi\u00f3n y visi\u00f3n institucional, en base a los documentos referidos y al Estatuto de la Universidad, recientemente reformulado. <span style=\"color: #ff6600;\"><strong><a style=\"color: #ff6600;\" href=\"https:\/\/pei.uncoma.edu.ar\/wp-content\/uploads\/2025\/10\/Mision-y-vision-para-web.pdf\" target=\"_blank\" rel=\"noopener\">Acceder al documento de trabajo<\/a><\/strong>.<\/span><\/li>\n<\/ul>\n<p>&nbsp;<\/p>\n<ul>\n<li><strong><em>Etapa 2. Ejes estrat\u00e9gicos, L\u00edneas prioritarias y Objetivos. Perspectivas transversales. <\/em><span style=\"color: #ff6600;\"><a style=\"color: #ff6600;\" href=\"https:\/\/pei.uncoma.edu.ar\/index.php\/ejes-y-lineas-estrategicas\/\" target=\"_blank\" rel=\"noopener\">Acceder a la p\u00e1gina<\/a>.<\/span><\/strong><\/li>\n<\/ul>\n<ol>\n<li style=\"list-style-type: none;\">\n<ol>\n<li>Los Ejes son las dimensiones de primer nivel en las que se estructura el PEI. Representan conjuntos de \u00e1reas y actividades consideradas centrales o clave para que, en el marco de la misi\u00f3n institucional, se contribuya al cumplimiento de la visi\u00f3n.<\/li>\n<li>Las L\u00edneas prioritarias son conjuntos de temas con cierta homogeneidad, a las que se le asignan objetivos y actividades para el logro de los objetivos.<\/li>\n<li>Las Perspectivas transversales se recuperan del Estatuto (g\u00e9nero, interculturalidad, ambiente) y se suma el impacto tecnol\u00f3gico<\/li>\n<\/ol>\n<\/li>\n<\/ol>\n<p>&nbsp;<\/p>\n<ul>\n<li><strong><em>Etapa 3. Redacci\u00f3n final. <\/em><\/strong>Escritura de la versi\u00f3n definitiva del PEI, dise\u00f1o visual del mismo, y gesti\u00f3n del documento para su aprobaci\u00f3n en Consejo Superior.<\/li>\n<\/ul>\n","protected":false},"excerpt":{"rendered":"<p>Una parte fundamental de la metodolog\u00eda de trabajo del Plan Estrat\u00e9gico Institucional (PEI) es la articulaci\u00f3n y el consenso para definir la situaci\u00f3n objetivo y para plantear las l\u00edneas y las acciones a realizar para llegar a esa situaci\u00f3n objetivo. En la Autoevaluaci\u00f3n Institucional o el Plan de Desarrollo, por el contrario, el peso fundamental [&hellip;]<\/p>\n","protected":false},"author":1,"featured_media":0,"parent":0,"menu_order":0,"comment_status":"closed","ping_status":"closed","template":"","meta":{"footnotes":""},"class_list":["post-110","page","type-page","status-publish","hentry"],"_links":{"self":[{"href":"https:\/\/pei.uncoma.edu.ar\/index.php\/wp-json\/wp\/v2\/pages\/110","targetHints":{"allow":["GET"]}}],"collection":[{"href":"https:\/\/pei.uncoma.edu.ar\/index.php\/wp-json\/wp\/v2\/pages"}],"about":[{"href":"https:\/\/pei.uncoma.edu.ar\/index.php\/wp-json\/wp\/v2\/types\/page"}],"author":[{"embeddable":true,"href":"https:\/\/pei.uncoma.edu.ar\/index.php\/wp-json\/wp\/v2\/users\/1"}],"replies":[{"embeddable":true,"href":"https:\/\/pei.uncoma.edu.ar\/index.php\/wp-json\/wp\/v2\/comments?post=110"}],"version-history":[{"count":16,"href":"https:\/\/pei.uncoma.edu.ar\/index.php\/wp-json\/wp\/v2\/pages\/110\/revisions"}],"predecessor-version":[{"id":340,"href":"https:\/\/pei.uncoma.edu.ar\/index.php\/wp-json\/wp\/v2\/pages\/110\/revisions\/340"}],"wp:attachment":[{"href":"https:\/\/pei.uncoma.edu.ar\/index.php\/wp-json\/wp\/v2\/media?parent=110"}],"curies":[{"name":"wp","href":"https:\/\/api.w.org\/{rel}","templated":true}]}}